{"id":40,"date":"2025-06-03T22:41:17","date_gmt":"2025-06-03T22:41:17","guid":{"rendered":"https:\/\/auditamx.com\/?page_id=40"},"modified":"2025-06-03T22:45:08","modified_gmt":"2025-06-03T22:45:08","slug":"aviso-de-privacidad","status":"publish","type":"page","link":"https:\/\/auditamx.com\/?page_id=40","title":{"rendered":"Aviso de Privacidad"},"content":{"rendered":"\t\t<div data-elementor-type=\"wp-page\" data-elementor-id=\"40\" class=\"elementor elementor-40\" data-elementor-post-type=\"page\">\n\t\t\t\t<div class=\"elementor-element elementor-element-1a4e061 e-flex e-con-boxed e-con e-parent\" data-id=\"1a4e061\" data-element_type=\"container\">\n\t\t\t\t\t<div class=\"e-con-inner\">\n\t\t\t\t<div class=\"elementor-element elementor-element-503f268 elementor-widget elementor-widget-heading\" data-id=\"503f268\" data-element_type=\"widget\" data-widget_type=\"heading.default\">\n\t\t\t\t<div class=\"elementor-widget-container\">\n\t\t\t\t\t<h2 class=\"elementor-heading-title elementor-size-default\">AVISO DE PRIVACIDAD<\/h2>\t\t\t\t<\/div>\n\t\t\t\t<\/div>\n\t\t\t\t<div class=\"elementor-element elementor-element-5862c6e elementor-widget elementor-widget-text-editor\" data-id=\"5862c6e\" data-element_type=\"widget\" data-widget_type=\"text-editor.default\">\n\t\t\t\t<div class=\"elementor-widget-container\">\n\t\t\t\t\t\t\t\t\t<p data-start=\"0\" data-end=\"113\">\u00a0<\/p><hr data-start=\"115\" data-end=\"118\" \/><p data-start=\"145\" data-end=\"480\"><strong data-start=\"145\" data-end=\"157\">AuditaMx<\/strong>, con domicilio en <strong data-start=\"176\" data-end=\"239\">Calle 12 de octubre #613, Col. Maga\u00f1a, Guadalajara, Jalisco<\/strong>, y sitio web <strong data-start=\"253\" data-end=\"301\"><a class=\"\" href=\"https:\/\/auditamx.com\" target=\"_new\" rel=\"noopener\" data-start=\"255\" data-end=\"299\">https:\/\/auditamx.com<\/a><\/strong>, es responsable del tratamiento de sus datos personales conforme a lo dispuesto en la <strong data-start=\"388\" data-end=\"479\">Ley Federal de Protecci\u00f3n de Datos Personales en Posesi\u00f3n de los Particulares (LFPDPPP)<\/strong>.<\/p><h4 data-start=\"482\" data-end=\"534\">Finalidades del tratamiento de datos personales<\/h4><p data-start=\"536\" data-end=\"629\">Los datos personales que recabamos de usted ser\u00e1n utilizados para las siguientes finalidades:<\/p><p data-start=\"631\" data-end=\"657\"><strong data-start=\"631\" data-end=\"657\">Finalidades primarias:<\/strong><\/p><ul data-start=\"658\" data-end=\"939\"><li data-start=\"658\" data-end=\"787\"><p data-start=\"660\" data-end=\"787\">Proveer los servicios y productos que solicita, como el registro y participaci\u00f3n en eventos, webinars o consultas informativas.<\/p><\/li><li data-start=\"788\" data-end=\"857\"><p data-start=\"790\" data-end=\"857\">Informarle sobre actualizaciones, cambios o servicios relacionados.<\/p><\/li><li data-start=\"858\" data-end=\"939\"><p data-start=\"860\" data-end=\"939\">Cumplir con obligaciones legales y contractuales derivadas de nuestra relaci\u00f3n.<\/p><\/li><\/ul><p data-start=\"941\" data-end=\"969\"><strong data-start=\"941\" data-end=\"969\">Finalidades secundarias:<\/strong><\/p><ul data-start=\"970\" data-end=\"1156\"><li data-start=\"970\" data-end=\"1078\"><p data-start=\"972\" data-end=\"1078\">Enviar comunicaciones informativas, promocionales y de mercadotecnia sobre nuestros productos y servicios.<\/p><\/li><li data-start=\"1079\" data-end=\"1156\"><p data-start=\"1081\" data-end=\"1156\">Realizar estudios internos sobre h\u00e1bitos de consumo y an\u00e1lisis estad\u00edstico.<\/p><\/li><\/ul><p data-start=\"1158\" data-end=\"1321\">Si no desea que sus datos personales se utilicen para finalidades secundarias, puede manifestarlo enviando un correo electr\u00f3nico a: <strong data-start=\"1290\" data-end=\"1320\"><a class=\"cursor-pointer\" rel=\"noopener\" data-start=\"1292\" data-end=\"1318\">ivan.gonzalez@auditamx.com<\/a><\/strong>.<\/p><h4 data-start=\"1323\" data-end=\"1358\">Datos personales que recabamos<\/h4><p data-start=\"1360\" data-end=\"1448\">Para las finalidades antes mencionadas, podemos recabar los siguientes datos personales:<\/p><ul data-start=\"1450\" data-end=\"1598\"><li data-start=\"1450\" data-end=\"1469\"><p data-start=\"1452\" data-end=\"1469\">Nombre completo<\/p><\/li><li data-start=\"1470\" data-end=\"1492\"><p data-start=\"1472\" data-end=\"1492\">Correo electr\u00f3nico<\/p><\/li><li data-start=\"1493\" data-end=\"1517\"><p data-start=\"1495\" data-end=\"1517\">Tel\u00e9fono de contacto<\/p><\/li><li data-start=\"1518\" data-end=\"1557\"><p data-start=\"1520\" data-end=\"1557\">Empresa o despacho al que pertenece<\/p><\/li><li data-start=\"1558\" data-end=\"1580\"><p data-start=\"1560\" data-end=\"1580\">Puesto o profesi\u00f3n<\/p><\/li><li data-start=\"1581\" data-end=\"1598\"><p data-start=\"1583\" data-end=\"1598\">RFC (si aplica)<\/p><\/li><\/ul><p data-start=\"1600\" data-end=\"1640\">No recabamos datos personales sensibles.<\/p><h4 data-start=\"1642\" data-end=\"1669\">Transferencia de datos<\/h4><p data-start=\"1671\" data-end=\"1830\">Sus datos personales no ser\u00e1n transferidos a terceros, salvo que sea necesario para cumplir con disposiciones legales o requerimientos de autoridad competente.<\/p><h4 data-start=\"1832\" data-end=\"1863\">Ejercicio de Derechos ARCO<\/h4><p data-start=\"1865\" data-end=\"2210\">Usted tiene derecho a <strong data-start=\"1887\" data-end=\"1931\">Acceder, Rectificar, Cancelar u Oponerse<\/strong> al tratamiento de sus datos personales (Derechos ARCO). Para ejercer estos derechos, deber\u00e1 enviar una solicitud al correo <strong data-start=\"2055\" data-end=\"2085\"><a class=\"cursor-pointer\" rel=\"noopener\" data-start=\"2057\" data-end=\"2083\">ivan.gonzalez@auditamx.com<\/a><\/strong> con su nombre completo, descripci\u00f3n clara del derecho que desea ejercer y los datos necesarios para identificar su registro.<\/p><h4 data-start=\"2212\" data-end=\"2247\">Cambios al aviso de privacidad<\/h4><p data-start=\"2249\" data-end=\"2497\">AuditaMx se reserva el derecho de efectuar en cualquier momento modificaciones o actualizaciones al presente aviso de privacidad. Las mismas estar\u00e1n disponibles para su consulta en nuestro sitio web: <strong data-start=\"2449\" data-end=\"2497\"><a class=\"\" href=\"https:\/\/auditamx.com\" target=\"_new\" rel=\"noopener\" data-start=\"2451\" data-end=\"2495\">https:\/\/auditamx.com<\/a><\/strong><\/p>\t\t\t\t\t\t\t\t<\/div>\n\t\t\t\t<\/div>\n\t\t\t\t\t<\/div>\n\t\t\t\t<\/div>\n\t\t\t\t<\/div>\n\t\t","protected":false},"excerpt":{"rendered":"<p>AVISO DE PRIVACIDAD \u00a0 AuditaMx, con domicilio en Calle 12 de octubre #613, Col. Maga\u00f1a, Guadalajara, Jalisco, y sitio web https:\/\/auditamx.com, es responsable del tratamiento de sus datos personales conforme a lo dispuesto en la Ley Federal de Protecci\u00f3n de Datos Personales en Posesi\u00f3n de los Particulares (LFPDPPP). Finalidades del tratamiento de datos personales Los [&hellip;]<\/p>\n","protected":false},"author":1,"featured_media":0,"parent":0,"menu_order":0,"comment_status":"closed","ping_status":"closed","template":"","meta":{"footnotes":""},"class_list":["post-40","page","type-page","status-publish","hentry"],"yoast_head":"<!-- This site is optimized with the Yoast SEO plugin v25.0 - https:\/\/yoast.com\/wordpress\/plugins\/seo\/ -->\n<title>Aviso de Privacidad - AuditaMx<\/title>\n<meta name=\"robots\" content=\"index, follow, max-snippet:-1, max-image-preview:large, max-video-preview:-1\" \/>\n<link rel=\"canonical\" href=\"https:\/\/auditamx.com\/?page_id=40\" \/>\n<meta property=\"og:locale\" content=\"es_MX\" \/>\n<meta property=\"og:type\" content=\"article\" \/>\n<meta property=\"og:title\" content=\"Aviso de Privacidad - AuditaMx\" \/>\n<meta property=\"og:description\" content=\"AVISO DE PRIVACIDAD \u00a0 AuditaMx, con domicilio en Calle 12 de octubre #613, Col. Maga\u00f1a, Guadalajara, Jalisco, y sitio web https:\/\/auditamx.com, es responsable del tratamiento de sus datos personales conforme a lo dispuesto en la Ley Federal de Protecci\u00f3n de Datos Personales en Posesi\u00f3n de los Particulares (LFPDPPP). Finalidades del tratamiento de datos personales Los [&hellip;]\" \/>\n<meta property=\"og:url\" content=\"https:\/\/auditamx.com\/?page_id=40\" \/>\n<meta property=\"og:site_name\" content=\"AuditaMx\" \/>\n<meta property=\"article:modified_time\" content=\"2025-06-03T22:45:08+00:00\" \/>\n<meta name=\"twitter:card\" content=\"summary_large_image\" \/>\n<meta name=\"twitter:label1\" content=\"Tiempo de lectura\" \/>\n\t<meta name=\"twitter:data1\" content=\"2 minutos\" \/>\n<script type=\"application\/ld+json\" class=\"yoast-schema-graph\">{\"@context\":\"https:\/\/schema.org\",\"@graph\":[{\"@type\":\"WebPage\",\"@id\":\"https:\/\/auditamx.com\/?page_id=40\",\"url\":\"https:\/\/auditamx.com\/?page_id=40\",\"name\":\"Aviso de Privacidad - AuditaMx\",\"isPartOf\":{\"@id\":\"https:\/\/auditamx.com\/#website\"},\"datePublished\":\"2025-06-03T22:41:17+00:00\",\"dateModified\":\"2025-06-03T22:45:08+00:00\",\"breadcrumb\":{\"@id\":\"https:\/\/auditamx.com\/?page_id=40#breadcrumb\"},\"inLanguage\":\"es\",\"potentialAction\":[{\"@type\":\"ReadAction\",\"target\":[\"https:\/\/auditamx.com\/?page_id=40\"]}]},{\"@type\":\"BreadcrumbList\",\"@id\":\"https:\/\/auditamx.com\/?page_id=40#breadcrumb\",\"itemListElement\":[{\"@type\":\"ListItem\",\"position\":1,\"name\":\"Inicio\",\"item\":\"https:\/\/auditamx.com\/\"},{\"@type\":\"ListItem\",\"position\":2,\"name\":\"Aviso de Privacidad\"}]},{\"@type\":\"WebSite\",\"@id\":\"https:\/\/auditamx.com\/#website\",\"url\":\"https:\/\/auditamx.com\/\",\"name\":\"AuditaMx\",\"description\":\"\",\"publisher\":{\"@id\":\"https:\/\/auditamx.com\/#organization\"},\"potentialAction\":[{\"@type\":\"SearchAction\",\"target\":{\"@type\":\"EntryPoint\",\"urlTemplate\":\"https:\/\/auditamx.com\/?s={search_term_string}\"},\"query-input\":{\"@type\":\"PropertyValueSpecification\",\"valueRequired\":true,\"valueName\":\"search_term_string\"}}],\"inLanguage\":\"es\"},{\"@type\":\"Organization\",\"@id\":\"https:\/\/auditamx.com\/#organization\",\"name\":\"AuditaMx\",\"url\":\"https:\/\/auditamx.com\/\",\"logo\":{\"@type\":\"ImageObject\",\"inLanguage\":\"es\",\"@id\":\"https:\/\/auditamx.com\/#\/schema\/logo\/image\/\",\"url\":\"https:\/\/auditamx.com\/wp-content\/uploads\/2025\/04\/Mesa-de-trabajo-2.png\",\"contentUrl\":\"https:\/\/auditamx.com\/wp-content\/uploads\/2025\/04\/Mesa-de-trabajo-2.png\",\"width\":2348,\"height\":1488,\"caption\":\"AuditaMx\"},\"image\":{\"@id\":\"https:\/\/auditamx.com\/#\/schema\/logo\/image\/\"}}]}<\/script>\n<!-- \/ Yoast SEO plugin. -->","yoast_head_json":{"title":"Aviso de Privacidad - AuditaMx","robots":{"index":"index","follow":"follow","max-snippet":"max-snippet:-1","max-image-preview":"max-image-preview:large","max-video-preview":"max-video-preview:-1"},"canonical":"https:\/\/auditamx.com\/?page_id=40","og_locale":"es_MX","og_type":"article","og_title":"Aviso de Privacidad - AuditaMx","og_description":"AVISO DE PRIVACIDAD \u00a0 AuditaMx, con domicilio en Calle 12 de octubre #613, Col. Maga\u00f1a, Guadalajara, Jalisco, y sitio web https:\/\/auditamx.com, es responsable del tratamiento de sus datos personales conforme a lo dispuesto en la Ley Federal de Protecci\u00f3n de Datos Personales en Posesi\u00f3n de los Particulares (LFPDPPP). Finalidades del tratamiento de datos personales Los [&hellip;]","og_url":"https:\/\/auditamx.com\/?page_id=40","og_site_name":"AuditaMx","article_modified_time":"2025-06-03T22:45:08+00:00","twitter_card":"summary_large_image","twitter_misc":{"Tiempo de lectura":"2 minutos"},"schema":{"@context":"https:\/\/schema.org","@graph":[{"@type":"WebPage","@id":"https:\/\/auditamx.com\/?page_id=40","url":"https:\/\/auditamx.com\/?page_id=40","name":"Aviso de Privacidad - AuditaMx","isPartOf":{"@id":"https:\/\/auditamx.com\/#website"},"datePublished":"2025-06-03T22:41:17+00:00","dateModified":"2025-06-03T22:45:08+00:00","breadcrumb":{"@id":"https:\/\/auditamx.com\/?page_id=40#breadcrumb"},"inLanguage":"es","potentialAction":[{"@type":"ReadAction","target":["https:\/\/auditamx.com\/?page_id=40"]}]},{"@type":"BreadcrumbList","@id":"https:\/\/auditamx.com\/?page_id=40#breadcrumb","itemListElement":[{"@type":"ListItem","position":1,"name":"Inicio","item":"https:\/\/auditamx.com\/"},{"@type":"ListItem","position":2,"name":"Aviso de Privacidad"}]},{"@type":"WebSite","@id":"https:\/\/auditamx.com\/#website","url":"https:\/\/auditamx.com\/","name":"AuditaMx","description":"","publisher":{"@id":"https:\/\/auditamx.com\/#organization"},"potentialAction":[{"@type":"SearchAction","target":{"@type":"EntryPoint","urlTemplate":"https:\/\/auditamx.com\/?s={search_term_string}"},"query-input":{"@type":"PropertyValueSpecification","valueRequired":true,"valueName":"search_term_string"}}],"inLanguage":"es"},{"@type":"Organization","@id":"https:\/\/auditamx.com\/#organization","name":"AuditaMx","url":"https:\/\/auditamx.com\/","logo":{"@type":"ImageObject","inLanguage":"es","@id":"https:\/\/auditamx.com\/#\/schema\/logo\/image\/","url":"https:\/\/auditamx.com\/wp-content\/uploads\/2025\/04\/Mesa-de-trabajo-2.png","contentUrl":"https:\/\/auditamx.com\/wp-content\/uploads\/2025\/04\/Mesa-de-trabajo-2.png","width":2348,"height":1488,"caption":"AuditaMx"},"image":{"@id":"https:\/\/auditamx.com\/#\/schema\/logo\/image\/"}}]}},"_links":{"self":[{"href":"https:\/\/auditamx.com\/index.php?rest_route=\/wp\/v2\/pages\/40","targetHints":{"allow":["GET"]}}],"collection":[{"href":"https:\/\/auditamx.com\/index.php?rest_route=\/wp\/v2\/pages"}],"about":[{"href":"https:\/\/auditamx.com\/index.php?rest_route=\/wp\/v2\/types\/page"}],"author":[{"embeddable":true,"href":"https:\/\/auditamx.com\/index.php?rest_route=\/wp\/v2\/users\/1"}],"replies":[{"embeddable":true,"href":"https:\/\/auditamx.com\/index.php?rest_route=%2Fwp%2Fv2%2Fcomments&post=40"}],"version-history":[{"count":10,"href":"https:\/\/auditamx.com\/index.php?rest_route=\/wp\/v2\/pages\/40\/revisions"}],"predecessor-version":[{"id":50,"href":"https:\/\/auditamx.com\/index.php?rest_route=\/wp\/v2\/pages\/40\/revisions\/50"}],"wp:attachment":[{"href":"https:\/\/auditamx.com\/index.php?rest_route=%2Fwp%2Fv2%2Fmedia&parent=40"}],"curies":[{"name":"wp","href":"https:\/\/api.w.org\/{rel}","templated":true}]}}